{"id":13419,"date":"2025-08-17T13:03:58","date_gmt":"2025-08-17T16:03:58","guid":{"rendered":"https:\/\/ww2.maxximaeducacao.com.br\/?page_id=13419"},"modified":"2025-08-17T20:25:35","modified_gmt":"2025-08-17T23:25:35","slug":"artigos","status":"publish","type":"page","link":"https:\/\/ww2.maxximaeducacao.com.br\/index.php\/artigos\/","title":{"rendered":"Artigos"},"content":{"rendered":"\t\t<div data-elementor-type=\"wp-page\" data-elementor-id=\"13419\" class=\"elementor elementor-13419\">\n\t\t\t\t\t\t<section class=\"elementor-section elementor-top-section elementor-element elementor-element-4bedbff elementor-section-full_width elementor-section-height-default elementor-section-height-default\" data-id=\"4bedbff\" data-element_type=\"section\">\n\t\t\t\t\t\t<div class=\"elementor-container elementor-column-gap-default\">\n\t\t\t\t\t<div class=\"elementor-column elementor-col-66 elementor-top-column elementor-element elementor-element-254d025\" data-id=\"254d025\" data-element_type=\"column\">\n\t\t\t<div class=\"elementor-widget-wrap elementor-element-populated\">\n\t\t\t\t\t\t<div class=\"elementor-element elementor-element-b2cf59c elementor-widget elementor-widget-rsblog\" data-id=\"b2cf59c\" data-element_type=\"widget\" data-widget_type=\"rsblog.default\">\n\t\t\t\t<div class=\"elementor-widget-container\">\n\t\t\t\t\t         \r\n\t\t<div class=\"rs-blog-grid rs-blog-grid2\">            \r\n\t\t\t\r\n            <div class=\"row blog-gird-item\">\r\n                \r\n\t\t\t \t\t\t\t\t\t\r\n\t\t\t\t\t<div class=\"grid-item col-lg-12  filter_artigos \">\r\n\r\n                                                    <div class=\"no-gutter blog-item rs-blog-grid1\">\r\n                                                           \r\n                                <div class=\"image-part\">\r\n                                    <a href=\"https:\/\/ww2.maxximaeducacao.com.br\/index.php\/2026\/01\/16\/como-medir-o-sucesso-de-um-treinamento-corporativo-sem-depender-so-do-feedback-do-final-da-aula\/\">\r\n                                        <img fetchpriority=\"high\" decoding=\"async\" width=\"640\" height=\"427\" src=\"https:\/\/ww2.maxximaeducacao.com.br\/wp-content\/uploads\/2026\/01\/resuktado-treinamento-1024x683.jpg\" class=\"attachment-large size-large wp-post-image\" alt=\"Como medir o sucesso de um treinamento corporativo\" srcset=\"https:\/\/ww2.maxximaeducacao.com.br\/wp-content\/uploads\/2026\/01\/resuktado-treinamento-1024x683.jpg 1024w, https:\/\/ww2.maxximaeducacao.com.br\/wp-content\/uploads\/2026\/01\/resuktado-treinamento-300x200.jpg 300w, https:\/\/ww2.maxximaeducacao.com.br\/wp-content\/uploads\/2026\/01\/resuktado-treinamento-768x512.jpg 768w, https:\/\/ww2.maxximaeducacao.com.br\/wp-content\/uploads\/2026\/01\/resuktado-treinamento-600x400.jpg 600w, https:\/\/ww2.maxximaeducacao.com.br\/wp-content\/uploads\/2026\/01\/resuktado-treinamento.jpg 1200w\" sizes=\"(max-width: 640px) 100vw, 640px\" \/>                                    <\/a> \r\n                                <\/div>                             \r\n                                \r\n                                <div class=\"blog-content\">                                    \r\n                                                                               <ul class=\"blog-meta\">\r\n                                                                                                                                            <li><i class=\"fa fa-calendar-check-o\"><\/i> 16.01.2026<\/li>\r\n                                                                                                                                                                                <\/ul>\r\n                                                                                \r\n                                        <h3 class=\"title dd\"><a href=\"https:\/\/ww2.maxximaeducacao.com.br\/index.php\/2026\/01\/16\/como-medir-o-sucesso-de-um-treinamento-corporativo-sem-depender-so-do-feedback-do-final-da-aula\/\">Como medir o sucesso de um treinamento corporativo (sem depender s\u00f3 do feedback do final da aula)<\/a><\/h3>\r\n                                                                                    <p class=\"txt\">O que voc\u00ea achou do curso?\u201d Essa pergunta \u00e9 importante. Mas est\u00e1 longe de dizer se o treinamento funcionou de...<\/p>\r\n                                                                                <div class=\"btn-btm d-flex align-items-center justify-content-between\">\r\n                                                                                                                                        <div class=\"btn-part\">\r\n                                                    <a class=\"readon-arrow\" href=\"https:\/\/ww2.maxximaeducacao.com.br\/index.php\/2026\/01\/16\/como-medir-o-sucesso-de-um-treinamento-corporativo-sem-depender-so-do-feedback-do-final-da-aula\/\">\r\n                                                        Saiba Mais <i class=\"fa fa fa-angle-right\"><\/i>\r\n                                                    <\/a>\r\n                                                <\/div>\r\n                                                                                    <\/div>\r\n\r\n                                <\/div>                                \r\n                            \r\n                            <\/div>\r\n                                                    \r\n                    <\/div>\r\n\t\t\t\t\t\t\t\t\t\t\r\n\t\t\t\t\t<div class=\"grid-item col-lg-12  filter_artigos \">\r\n\r\n                                                    <div class=\"no-gutter blog-item rs-blog-grid1\">\r\n                                                           \r\n                                <div class=\"image-part\">\r\n                                    <a href=\"https:\/\/ww2.maxximaeducacao.com.br\/index.php\/2026\/01\/16\/treinamentos-in-company-por-que-sua-equipe-aprende-mais-quando-o-conteudo-e-personalizado\/\">\r\n                                        <img decoding=\"async\" width=\"640\" height=\"427\" src=\"https:\/\/ww2.maxximaeducacao.com.br\/wp-content\/uploads\/2026\/01\/treinamento-equipe-1024x683.jpg\" class=\"attachment-large size-large wp-post-image\" alt=\"Treinamento n\u00e3o \u00e9 produto de prateleira\" srcset=\"https:\/\/ww2.maxximaeducacao.com.br\/wp-content\/uploads\/2026\/01\/treinamento-equipe-1024x683.jpg 1024w, https:\/\/ww2.maxximaeducacao.com.br\/wp-content\/uploads\/2026\/01\/treinamento-equipe-300x200.jpg 300w, https:\/\/ww2.maxximaeducacao.com.br\/wp-content\/uploads\/2026\/01\/treinamento-equipe-768x512.jpg 768w, https:\/\/ww2.maxximaeducacao.com.br\/wp-content\/uploads\/2026\/01\/treinamento-equipe-600x400.jpg 600w, https:\/\/ww2.maxximaeducacao.com.br\/wp-content\/uploads\/2026\/01\/treinamento-equipe.jpg 1200w\" sizes=\"(max-width: 640px) 100vw, 640px\" \/>                                    <\/a> \r\n                                <\/div>                             \r\n                                \r\n                                <div class=\"blog-content\">                                    \r\n                                                                               <ul class=\"blog-meta\">\r\n                                                                                                                                            <li><i class=\"fa fa-calendar-check-o\"><\/i> 16.01.2026<\/li>\r\n                                                                                                                                                                                <\/ul>\r\n                                                                                \r\n                                        <h3 class=\"title dd\"><a href=\"https:\/\/ww2.maxximaeducacao.com.br\/index.php\/2026\/01\/16\/treinamentos-in-company-por-que-sua-equipe-aprende-mais-quando-o-conteudo-e-personalizado\/\">Treinamentos In Company: por que sua equipe aprende mais quando o conte\u00fado \u00e9 personalizado<\/a><\/h3>\r\n                                                                                    <p class=\"txt\">Treinamento n\u00e3o \u00e9 produto de prateleira. \u00c9 ferramenta estrat\u00e9gica \u2014 quando bem feita. Sabe por que tantos treinamentos d\u00e3o em...<\/p>\r\n                                                                                <div class=\"btn-btm d-flex align-items-center justify-content-between\">\r\n                                                                                                                                        <div class=\"btn-part\">\r\n                                                    <a class=\"readon-arrow\" href=\"https:\/\/ww2.maxximaeducacao.com.br\/index.php\/2026\/01\/16\/treinamentos-in-company-por-que-sua-equipe-aprende-mais-quando-o-conteudo-e-personalizado\/\">\r\n                                                        Saiba Mais <i class=\"fa fa fa-angle-right\"><\/i>\r\n                                                    <\/a>\r\n                                                <\/div>\r\n                                                                                    <\/div>\r\n\r\n                                <\/div>                                \r\n                            \r\n                            <\/div>\r\n                                                    \r\n                    <\/div>\r\n\t\t\t\t\t\t\t\t\t\t\r\n\t\t\t\t\t<div class=\"grid-item col-lg-12  filter_artigos \">\r\n\r\n                                                    <div class=\"no-gutter blog-item rs-blog-grid1\">\r\n                                                           \r\n                                <div class=\"image-part\">\r\n                                    <a href=\"https:\/\/ww2.maxximaeducacao.com.br\/index.php\/2026\/01\/16\/mentoria-executiva-o-que-e-para-quem-serve-e-por-que-lideres-estao-buscando-esse-apoio\/\">\r\n                                        <img decoding=\"async\" width=\"640\" height=\"427\" src=\"https:\/\/ww2.maxximaeducacao.com.br\/wp-content\/uploads\/2026\/01\/empresario-sozinho-1024x683.jpg\" class=\"attachment-large size-large wp-post-image\" alt=\"l\u00edderes est\u00e3o buscando esse apoio\" srcset=\"https:\/\/ww2.maxximaeducacao.com.br\/wp-content\/uploads\/2026\/01\/empresario-sozinho-1024x683.jpg 1024w, https:\/\/ww2.maxximaeducacao.com.br\/wp-content\/uploads\/2026\/01\/empresario-sozinho-300x200.jpg 300w, https:\/\/ww2.maxximaeducacao.com.br\/wp-content\/uploads\/2026\/01\/empresario-sozinho-768x512.jpg 768w, https:\/\/ww2.maxximaeducacao.com.br\/wp-content\/uploads\/2026\/01\/empresario-sozinho-600x400.jpg 600w, https:\/\/ww2.maxximaeducacao.com.br\/wp-content\/uploads\/2026\/01\/empresario-sozinho.jpg 1200w\" sizes=\"(max-width: 640px) 100vw, 640px\" \/>                                    <\/a> \r\n                                <\/div>                             \r\n                                \r\n                                <div class=\"blog-content\">                                    \r\n                                                                               <ul class=\"blog-meta\">\r\n                                                                                                                                            <li><i class=\"fa fa-calendar-check-o\"><\/i> 16.01.2026<\/li>\r\n                                                                                                                                                                                <\/ul>\r\n                                                                                \r\n                                        <h3 class=\"title dd\"><a href=\"https:\/\/ww2.maxximaeducacao.com.br\/index.php\/2026\/01\/16\/mentoria-executiva-o-que-e-para-quem-serve-e-por-que-lideres-estao-buscando-esse-apoio\/\">Mentoria executiva: o que \u00e9, para quem serve e por que l\u00edderes est\u00e3o buscando esse apoio<\/a><\/h3>\r\n                                                                                    <p class=\"txt\">Quem cuida de tudo\u2026 muitas vezes n\u00e3o tem com quem conversar. Liderar \u00e9 tomar decis\u00f5es dif\u00edceis, carregar responsabilidades invis\u00edveis e,...<\/p>\r\n                                                                                <div class=\"btn-btm d-flex align-items-center justify-content-between\">\r\n                                                                                                                                        <div class=\"btn-part\">\r\n                                                    <a class=\"readon-arrow\" href=\"https:\/\/ww2.maxximaeducacao.com.br\/index.php\/2026\/01\/16\/mentoria-executiva-o-que-e-para-quem-serve-e-por-que-lideres-estao-buscando-esse-apoio\/\">\r\n                                                        Saiba Mais <i class=\"fa fa fa-angle-right\"><\/i>\r\n                                                    <\/a>\r\n                                                <\/div>\r\n                                                                                    <\/div>\r\n\r\n                                <\/div>                                \r\n                            \r\n                            <\/div>\r\n                                                    \r\n                    <\/div>\r\n\t\t\t\t\t                 \r\n                         \r\n                <\/div>   \r\n                               \r\n            \t    \r\n                              \r\n\t\t<\/div>\r\n\t   \t\t\t\t<\/div>\n\t\t\t\t<\/div>\n\t\t\t\t\t<\/div>\n\t\t<\/div>\n\t\t\t\t<div class=\"elementor-column elementor-col-33 elementor-top-column elementor-element elementor-element-b0501b5\" data-id=\"b0501b5\" data-element_type=\"column\">\n\t\t\t<div class=\"elementor-widget-wrap elementor-element-populated\">\n\t\t\t\t\t\t<div class=\"elementor-element elementor-element-a9abfbf elementor-widget elementor-widget-heading\" data-id=\"a9abfbf\" data-element_type=\"widget\" data-widget_type=\"heading.default\">\n\t\t\t\t\t<h2 class=\"elementor-heading-title elementor-size-default\">Agenda de Cursos<\/h2>\t\t\t\t<\/div>\n\t\t\t\t<div class=\"elementor-element elementor-element-71d1b35 elementor-widget elementor-widget-rs-event-grid\" data-id=\"71d1b35\" data-element_type=\"widget\" data-widget_type=\"rs-event-grid.default\">\n\t\t\t\t<div class=\"elementor-widget-container\">\n\t\t\t\t\t\r\n\r\n\r\n\t      \r\n\t\t\t<div id=\"rs-event\" class=\"rs-events-grid rs-events-style1\">\t\r\n\t\t\t\t<div class=\"inner-column\">\r\n\t\t\t\t\t<div class=\"blocks-outer\">\r\n\t\t\t\t\t\t<div class=\"row\">\r\n\t\t\t\t\t\t\t\t\r\n\r\n\t\t\t\t\t\t\t<div class=\"event-block col-lg-12\">\t\t\t\t\t\t\t\t\r\n\t\t\t\t\t\t\t\t<!-- Event Block -->\r\n\r\n\t\t\t\t\t\t\t\t<div class=\"events-short centers\">\r\n                                    <div class=\"date-part\" >\r\n                                        <span class=\"month\">May<\/span>\r\n                                        <div class=\"date\">\r\n                                        \t16 \r\n                                        <\/div>\r\n                                    <\/div>\r\n                                    <div class=\"content-part\"> \r\n                                    \t                               \t\r\n                                        <div class=\"categorie\">\r\n                                        \t                                        \t\t                                        \t<div class=\"time\">\r\n\t                                        \t<i class=\"far fa-clock\"><\/i> 08:30 AM - 01:30 PM\t                                        \t<\/div>\r\n                                        \t                                        \t                                        <\/div>\t\r\n                                                                            \r\n\r\n                                        <h4 class=\"title mb-0\"><a href=\"https:\/\/ww2.maxximaeducacao.com.br\/index.php\/event\/obrigacoes-regulatorias-exigidas-pela-antt-no-transporte-de-cargas\/\">Obriga\u00e7\u00f5es Regulat\u00f3rias Exigidas Pela ANTT no Transporte de Cargas Atualizado: Resolu\u00e7\u00f5es n\u00ba 6077 e 6078 da ANTT.<\/a><\/h4>\r\n                                                                            <\/div>\r\n                                <\/div>\r\n\r\n\r\n\t\t\t\t\r\n\t\t\t\t\t\t\t<\/div>\r\n\t\t\t\t\t\t\t\r\n\t\t\t\t\t\t\t\r\n\r\n\t\t\t\t\t\t\t<div class=\"event-block col-lg-12\">\t\t\t\t\t\t\t\t\r\n\t\t\t\t\t\t\t\t<!-- Event Block -->\r\n\r\n\t\t\t\t\t\t\t\t<div class=\"events-short centers\">\r\n                                    <div class=\"date-part\" >\r\n                                        <span class=\"month\">Apr<\/span>\r\n                                        <div class=\"date\">\r\n                                        \t27 \r\n                                        <\/div>\r\n                                    <\/div>\r\n                                    <div class=\"content-part\"> \r\n                                    \t                               \t\r\n                                        <div class=\"categorie\">\r\n                                        \t                                        \t\t                                        \t<div class=\"time\">\r\n\t                                        \t<i class=\"far fa-clock\"><\/i> 08:30 AM - 01:30 PM\t                                        \t<\/div>\r\n                                        \t                                        \t                                        <\/div>\t\r\n                                                                            \r\n\r\n                                        <h4 class=\"title mb-0\"><a href=\"https:\/\/ww2.maxximaeducacao.com.br\/index.php\/event\/ct-e-e-mdf-e-2026-da-emissao-a-fiscalizacao-ead-ao-vivo\/\">CTe e MDFe 2026 da Emiss\u00e3o \u00e0 Fiscaliza\u00e7\u00e3o &#8211; CIOT e Piso M\u00ednimo de Frete MP 1.343\/2026 &#8211; EAD ao Vivo<\/a><\/h4>\r\n                                                                            <\/div>\r\n                                <\/div>\r\n\r\n\r\n\t\t\t\t\r\n\t\t\t\t\t\t\t<\/div>\r\n\t\t\t\t\t\t\t\r\n\t\t\t\t\t\t\t\r\n\r\n\t\t\t\t\t\t\t<div class=\"event-block col-lg-12\">\t\t\t\t\t\t\t\t\r\n\t\t\t\t\t\t\t\t<!-- Event Block -->\r\n\r\n\t\t\t\t\t\t\t\t<div class=\"events-short centers\">\r\n                                    <div class=\"date-part\" >\r\n                                        <span class=\"month\">Jul<\/span>\r\n                                        <div class=\"date\">\r\n                                        \t04 \r\n                                        <\/div>\r\n                                    <\/div>\r\n                                    <div class=\"content-part\"> \r\n                                    \t                               \t\r\n                                        <div class=\"categorie\">\r\n                                        \t                                        \t\t                                        \t<div class=\"time\">\r\n\t                                        \t<i class=\"far fa-clock\"><\/i> 08:30 AM - 01:30 PM\t                                        \t<\/div>\r\n                                        \t                                        \t                                        <\/div>\t\r\n                                                                            \r\n\r\n                                        <h4 class=\"title mb-0\"><a href=\"https:\/\/ww2.maxximaeducacao.com.br\/index.php\/event\/seguros-obrigatorios-do-transporte-rodoviario-de-cargas-da-obrigacao-legal-a-gestao-inteligente-de-riscos\/\">Seguros Obrigat\u00f3rios do Transporte Rodovi\u00e1rio de Cargas: Da Obriga\u00e7\u00e3o Legal \u00e0 Gest\u00e3o Inteligente de Riscos<\/a><\/h4>\r\n                                                                            <\/div>\r\n                                <\/div>\r\n\r\n\r\n\t\t\t\t\r\n\t\t\t\t\t\t\t<\/div>\r\n\t\t\t\t\t\t\t\r\n\t\t\t\t\t\t\t\r\n\t\t\t\t\t<\/div>\r\n\t\t\t   \t\t<\/div>  \r\n\t\t\t\t<\/div>\t\r\n\t\t\t<\/div>\r\n\t\t \r\n\r\n\r\n\r\n\t\t   \r\n\r\n\t\t\t\t\t\t<\/div>\n\t\t\t\t<\/div>\n\t\t\t\t<div class=\"elementor-element elementor-element-eac6d14 elementor-widget elementor-widget-spacer\" data-id=\"eac6d14\" data-element_type=\"widget\" data-widget_type=\"spacer.default\">\n\t\t\t\t\t\t\t<div class=\"elementor-spacer\">\n\t\t\t<div class=\"elementor-spacer-inner\"><\/div>\n\t\t<\/div>\n\t\t\t\t\t\t<\/div>\n\t\t\t\t\t<\/div>\n\t\t<\/div>\n\t\t\t\t\t<\/div>\n\t\t<\/section>\n\t\t\t\t<\/div>\n\t\t","protected":false},"excerpt":{"rendered":"<p>28.08.2020 Combating discrimination against most international students We denounce with righteous indige nation and dislike men who are so beguiled&#8230;<\/p>\n","protected":false},"author":1,"featured_media":0,"parent":0,"menu_order":0,"comment_status":"closed","ping_status":"closed","template":"","meta":{"footnotes":""},"class_list":["post-13419","page","type-page","status-publish","hentry"],"_links":{"self":[{"href":"https:\/\/ww2.maxximaeducacao.com.br\/index.php\/wp-json\/wp\/v2\/pages\/13419","targetHints":{"allow":["GET"]}}],"collection":[{"href":"https:\/\/ww2.maxximaeducacao.com.br\/index.php\/wp-json\/wp\/v2\/pages"}],"about":[{"href":"https:\/\/ww2.maxximaeducacao.com.br\/index.php\/wp-json\/wp\/v2\/types\/page"}],"author":[{"embeddable":true,"href":"https:\/\/ww2.maxximaeducacao.com.br\/index.php\/wp-json\/wp\/v2\/users\/1"}],"replies":[{"embeddable":true,"href":"https:\/\/ww2.maxximaeducacao.com.br\/index.php\/wp-json\/wp\/v2\/comments?post=13419"}],"version-history":[{"count":34,"href":"https:\/\/ww2.maxximaeducacao.com.br\/index.php\/wp-json\/wp\/v2\/pages\/13419\/revisions"}],"predecessor-version":[{"id":13478,"href":"https:\/\/ww2.maxximaeducacao.com.br\/index.php\/wp-json\/wp\/v2\/pages\/13419\/revisions\/13478"}],"wp:attachment":[{"href":"https:\/\/ww2.maxximaeducacao.com.br\/index.php\/wp-json\/wp\/v2\/media?parent=13419"}],"curies":[{"name":"wp","href":"https:\/\/api.w.org\/{rel}","templated":true}]}}